when 100 is divided by u?
44
Suppose -106*n + 107*n = 2*o - 50, 3*o - 2*n - 80 = 0. What is the remainder when (2 + 0)*(-82)/(-4) is divided by o?
1
Suppose 3*s - 5*a - 629 = 0, 2*a - 309 = -4*s + 521. Suppose 0 = 5*o - n - s, 3*o + 3*n = -n + 134. Calculate the remainder when o is divided by 11.
9
Let s = 1748 + -1671. Let k(p) = 9*p - 4. Calculate the remainder when s is divided by k(5).
36
Let u(n) = 2*n**3 + 11*n**2 - 32*n - 24. Let y be u(-10). Let r = y + 637. Suppose 2*a + 2 = a, 2*i - 2*a = 262. What is the remainder when i is divided by r?
30
Calculate the remainder when 815 is divided by 38/(-42) + 1 + 569320/6951.
77
Let u(x) = 7*x - 46. What is the remainder when (3 + 3)*9/2 is divided by u(9)?
10
Let y = 2 - -6. Suppose -i = 5*x - 353, -5*i = 4*x - 364 + 90. What is the remainder when x is divided by y?
7
Let a = 5147 - 3600. Calculate the remainder when a is divided by 86.
85
Let p = -2926 - -2946. Calculate the remainder when 211 is divided by p.
11
Let x(t) = 665*t**2 - 22*t + 21. Calculate the remainder when x(1) is divided by 86.
62
Let a = -11930 + 11986. What is the remainder when 1503 is divided by a?
47
Suppose -5*t = -4*q + 67, 2*q + 2*t - 56 = -q. Suppose -354 = 29*p - 27*p. Let o = p + 266. Calculate the remainder when o is divided by q.
17
Suppose -5*l + 327 = 4*m - 3*m, -3*m + 71 = l. Suppose 16 = 5*t - 3*t - 4*q, -5*q = -5*t + l. Calculate the remainder when 104 is divided by t.
14
Let i = -32 + 38. Suppose 32 = i*d - 2*d. Calculate the remainder when 51 is divided by (-56)/2*(-4)/d.
9
Let g = -104 - -183. Let i = -242541 - -242551. What is the remainder when g is divided by i?
9
Suppose 51*n - 889 = 58*n. Let a(d) = -3*d**3 - 3*d**2 + 5*d + 7. Let h be a(-5). Let c = n + h. What is the remainder when c is divided by 26?
25
Let r = 4 - 1. Suppose -2*n + 22 = 4*c, 15 = -0*n + 3*n - 3*c. Let t = 3 + n. What is the remainder when t is divided by r?
1
Let h(f) be the third derivative of f**4/6 - 13*f**3/2 - 2*f**2 - 382*f + 8. Let o = 28 + -16. What is the remainder when h(o) is divided by 2?
1
Let p = -109 + 149. What is the remainder when 17/(9/10 + 4/p) is divided by 5?
2
Suppose 5*w = 10, 3*t + 258*w = 263*w + 74. What is the remainder when 573 is divided by t?
13
Let m(o) = 3*o**2 + 18*o - 6. Let r be m(-7). Let d = 426 - 258. Calculate the remainder when d is divided by r + -1 - 11/((-99)/27).
15
Suppose 4*h + 2*p - 302 = -58, -264 = -4*h + 3*p. What is the remainder when 89 is divided by h?
26
Let g be (-25)/(-5) + -4 + 4. Let h(z) = -z + 5. Let i be h(g). Suppose 4*d = -2*m + 37 - 1, -2*m + d + 31 = i. Calculate the remainder when 29 is divided by m.
13
What is the remainder when 48/(-18) + 71687/21 + 7 is divided by 36?
34
Let m(b) = 3*b**2 + b - 1. Let s be 2/(-2) - 0 - (2 + -13). Calculate the remainder when m(-4) is divided by 12*8/s*5/2.
19
Suppose 3*g + d - 1025 = 0, g = -d + 378 - 37. Let a(f) = f**3 + 7*f**2 - 39*f - 41. What is the remainder when g is divided by a(-10)?
48
Let i(n) = 6*n**2 - 3*n. Let k(x) = 8*x + 101. Let y be k(-13). Calculate the remainder when i(y) is divided by 32.
31
Suppose -2*x = 2*r + x - 181, 0 = 4*r - 3*x - 353. Let k = 195 + r. Calculate the remainder when k is divided by 26.
24
Let i(o) be the third derivative of -o**5/60 + o**4/6 + 20*o**3/3 + 47*o**2. Calculate the remainder when i(5) is divided by 12.
11
Let s(x) = -x**2 - 5*x + 1. Let r = 6 - 10. Let c be s(r). Suppose -h + 138 = c*h. What is the remainder when h is divided by 4?
3
Let d = 44358 - 42517. Calculate the remainder when d is divided by 159.
92
Let h(p) = -p**2 + 11*p - 4*p - 3*p**2 + 5*p**2 + 29. What is the remainder when h(-9) is divided by 5*8/12*24/10?
7
Let y = -331 + 334. Suppose -4*u - s + 52 = 0, u + y*s + 23 - 47 = 0. What is the remainder when 77 is divided by u?
5
Let v(n) = -2*n - 21*n**2 - n + n**3 + 19*n**2. Let j(p) = 4*p**2 - 37*p + 107. What is the remainder when j(9) is divided by v(4)?
18
Let i = -1138 - -1654. Let h = -36096 + 36170. What is the remainder when i is divided by h?
72
Let q(v) = 2*v**3 - 4*v**2 + 3*v + 2. Let t be -3*8/12 - -1. Let k be 4 - (-4 + 3)*t. What is the remainder when 113 is divided by q(k)?
26
Let t(d) = -35*d. Let j(w) = 67*w + 14. Let n be j(-3). Let f = -125 - n. Calculate the remainder when t(-7) is divided by f.
59
Let g be ((-12)/8)/(9/12). Let f be (g + 4 - 4)/2. What is the remainder when (1 - f) + (-480)/(-8) is divided by 21?
20
Let t(c) = -13*c**2 + 300*c + 40. Calculate the remainder when t(23) is divided by (-58)/3*9/(-6).
5
Let i = -678 - -890. What is the remainder when i is divided by 5?
2
Calculate the remainder when (-171228)/(-63) - (-30)/315 is divided by 34.
32
Let o(t) = t**3 - 5*t**2 - 19*t - 89. Let f(i) = -i**3 + 10*i**2 - 3. What is the remainder when f(8) is divided by o(9)?
61
Calculate the remainder when ((-2314)/89)/((-2)/16) is divided by 47.
20
Suppose -m = -0*m - 8. What is the remainder when (-98)/(-42)*42 - (-3 + 6) is divided by m?
7
Suppose 0 = -w - 3*h + 95, 5*h - 46 = -71. What is the remainder when 221 is divided by w?
1
Let p(x) = 23*x**2 - x. Let b(j) = -22*j - 45 - 12 + 24*j + 53*j. Calculate the remainder when b(3) is divided by p(1).
20
Let g(d) = d - 36. Let k be g(11). Let r(s) = 4*s + 121. What is the remainder when 73 is divided by r(k)?
10
Let q = -13 - -27. Suppose 346 + 172 = q*h. What is the remainder when h is divided by 14?
9
Let c be (-2 + 31/1)*1. Let j = 49 - c. What is the remainder when j is divided by 4?
0
Suppose 4*m - 999 = 2*x - 15505, -5*m = -x + 7244. What is the remainder when x is divided by 132?
131
What is the remainder when 3 + 1 + (14 - (30 + -14))*-792 is divided by 57?
49
Let r(s) be the first derivative of -s**4/4 + 7*s**3/3 + 31*s**2/2 + 23*s + 43. What is the remainder when 394 is divided by r(10)?
31
Let f be (1 - 0)*(-20 + -4)/(-4). Suppose -m + 5*r = -46, -f = 3*r + 9. What is the remainder when (-18)/16*-130 + 2/(-8) is divided by m?
20
Suppose -2*b + 5*b = -54. Suppose 2797 = 38*m - 433. What is the remainder when m is divided by (-526)/b + 2/(-9)?
27
Suppose -2*y + 42 - 12 = 0. Suppose 3*z + 6*k - 1062 = 0, 32*z = 27*z - 2*k + 1722. What is the remainder when z is divided by y?
12
Suppose -4*h + 174 - 94 = 0. Suppose -2*g - 4*c + h = -c, -g - c + 11 = 0. What is the remainder when 311 is divided by g?
12
Let z(o) = 31*o**2. Let t be z(-1). Let c = t + -16. Let v = -666 + 692. What is the remainder when v is divided by c?
11
Suppose -1248*b + 1260*b = 1140. What is the remainder when b is divided by (-6)/3 - (0 - 16)?
11
Let b = 66 - 65. Let j(d) = 53*d**3 - 4*d + 3. Calculate the remainder when j(b) is divided by 11.
8
Let x(z) = 74*z - 11. Let i be x(6). Suppose -12*a - 1465 = -i. Let b = -75 - a. Calculate the remainder when 108 is divided by b.
9
Let f(z) = 4*z**3 - 2*z**2 - 6*z + 6. Let g = 53 + -50. Calculate the remainder when 310 is divided by f(g).
76
Suppose 53 = 2*a - 105. Let l = 13292 - 13271. Calculate the remainder when a is divided by l.
16
Calculate the remainder when 44844/34 + (-2)/(-34) + -9 is divided by 47.
41
Let b(x) = 578*x + 5814. Calculate the remainder when 195 is divided by b(-10).
25
Suppose -148*g - 32 = -146*g + 6*c, 2*g + 3*c + 14 = 0. What is the remainder when (-393)/(-21) - (-2)/7 is divided by g?
1
Let i(z) = z**3 + 12*z**2 + 4*z - 13. Let o be i(-8). Let n = o - 28. Calculate the remainder when n is divided by 62.
59
Suppose -53 = -3*o - q, -3*o - 13 + 58 = -3*q. Let n(z) = 2*z**3 + 3*z**2 - 53*z + 122. Calculate the remainder when n(3) is divided by o.
10
Suppose 3*s - 1 - 14 = 6*i, 5*i - 20 = -4*s. What is the remainder when 39 is divided by 1 + 22/10*s?
3
Let o(t) = -t**2 - 23*t - 30. Let k(f) = f + 1. Let w(h) = -4*k(h) + o(h). What is the remainder when w(-16) is divided by 29?
26
Suppose -u = 3*z + 25, 2*u - 2*z = -7*z - 45. Let g = u + 129. What is the remainder when g is divided by 24?
23
Let h be 21/(-63) - (-542)/6. Let d = 166 - h. Let v = 89 - d. What is the remainder when 103 is divided by v?
12
Calculate the remainder when (-336)/9*(5 + (-426)/42) is divided by 63.
3
Let d be (123*(-5)/(-10))/(27/36). Suppose -88*u + 900 = -d*u. What is the remainder when u is divided by 37 + 2*(-1)/(-2)?
36
Let d be (9/1)/((-5)/(-65)). Let f